 and 9.
9
What is the greatest common divisor of 6916 and 39?
13
What is the greatest common divisor of 16 and 4448?
16
Calculate the greatest common divisor of 872497 and 296.
37
What is the highest common divisor of 34558 and 74?
74
Calculate the highest common divisor of 2712 and 5650.
226
What is the highest common factor of 24 and 20796?
12
Calculate the highest common factor of 47128 and 4472.
344
What is the greatest common divisor of 27 and 46971?
9
Calculate the greatest common divisor of 508392 and 48.
24
Calculate the greatest common factor of 3859 and 33596.
227
Calculate the greatest common divisor of 34894 and 6692.
478
What is the greatest common factor of 7812 and 7905?
93
What is the greatest common divisor of 1509224 and 24?
8
What is the highest common divisor of 2078050 and 975?
325
What is the highest common factor of 1452 and 13464?
132
Calculate the greatest common divisor of 4238319 and 282.
141
Calculate the highest common factor of 11655 and 5670.
315
Calculate the highest common divisor of 4 and 94950.
2
Calculate the greatest common divisor of 299 and 1448759.
13
What is the greatest common divisor of 1189 and 15776?
29
Calculate the greatest common divisor of 93 and 4701.
3
What is the highest common divisor of 227952 and 16?
16
Calculate the highest common divisor of 33638 and 11398.
278
What is the greatest common factor of 28992 and 24000?
192
Calculate the greatest common divisor of 27 and 92934.
27
Calculate the greatest common factor of 1855350 and 186.
186
What is the greatest common factor of 456 and 49400?
152
What is the highest common divisor of 9984 and 18408?
312
What is the greatest common factor of 26946 and 216?
54
What is the greatest common factor of 345915 and 1035?
45
What is the highest common divisor of 879349 and 790?
79
Calculate the highest common factor of 589 and 53134.
31
What is the greatest common divisor of 21315 and 3480?
435
Calculate the highest common factor of 378 and 8187.
3
Calculate the highest common factor of 4746 and 31866.
678
What is the greatest common factor of 26 and 2615938?
26
Calculate the greatest common factor of 45 and 10275.
15
Calculate the highest common divisor of 294 and 397096.
98
What is the highest common divisor of 53095 and 28700?
1435
What is the highest common factor of 1365 and 17550?
195
Calculate the greatest common divisor of 5216 and 19886.
326
Calculate the greatest common factor of 1312886 and 506.
46
Calculate the greatest common divisor of 220340 and 220.
20
Calculate the greatest common divisor of 105 and 25431.
21
What is the highest common factor of 1028120 and 40?
40
What is the greatest common factor of 54 and 7947099?
27
Calculate the greatest common divisor of 1510 and 11023.
151
What is the highest common factor of 61326 and 198?
18
What is the greatest common factor of 698 and 1826317?
349
Calculate the greatest common factor of 2580246 and 522.
522
What is the greatest common divisor of 19 and 1401649?
19
Calculate the greatest common factor of 88 and 46772.
44
Calculate the highest common factor of 9 and 523026.
9
Calculate the greatest common divisor of 10669 and 2497.
227
What is the greatest common divisor of 243034 and 506?
22
What is the greatest common divisor of 162 and 498240?
18
What is the greatest common divisor of 2116 and 552?
92
Calculate the highest common factor of 390 and 17706.
78
What is the highest common divisor of 66 and 653554?
22
Calculate the greatest common factor of 1473912 and 3960.
792
What is the greatest common factor of 11355 and 3885?
15
What is the greatest common divisor of 122 and 1099342?
122
What is the greatest common factor of 5532 and 30?
6
What is the greatest common divisor of 726 and 2937?
33
What is the highest common factor of 8240508 and 738?
738
Calculate the greatest common divisor of 44480 and 56480.
160
Calculate the greatest common factor of 83830 and 65570.
830
What is the greatest common divisor of 9 and 39609?
9
Calculate the highest common divisor of 2100 and 1950.
150
Calculate the greatest common factor of 2171882 and 13538.
1934
Calculate the greatest common factor of 360078 and 36.
6
Calculate the highest common divisor of 1228532 and 5620.
1124
Calculate the highest common factor of 1760 and 47630.
110
Calculate the greatest common factor of 12028 and 2356.
124
What is the highest common factor of 28583 and 1132?
283
What is the greatest common factor of 162 and 23922?
54
What is the greatest common divisor of 1881 and 351576?
171
What is the highest common factor of 482 and 100?
2
Calculate the greatest common factor of 12578 and 190.
38
What is the greatest common factor of 3823396 and 1096?
548
What is the highest common divisor of 153547 and 466?
233
What is the greatest common divisor of 143 and 116?
1
Calculate the highest common factor of 668 and 1084832.
668
What is the greatest common divisor of 24292 and 512?
4
Calculate the greatest common factor of 39332 and 24.
4
Calculate the greatest common divisor of 251736 and 42.
6
What is the highest common factor of 1404064 and 40?
8
Calculate the highest common factor of 8616447 and 63.
63
What is the greatest common factor of 60 and 7180?
20
What is the highest common factor of 6 and 16222?
2
What is the highest common divisor of 931346 and 317?
317
What is the highest common factor of 41256 and 576?
72
Calculate the highest common divisor of 170 and 360.
10
What is the greatest common divisor of 152 and 3676348?
76
What is the highest common divisor of 51570 and 10?
10
What is the highest common divisor of 1690 and 430105?
845
What is the greatest common factor of 161823 and 19?
19
What is the greatest common factor of 1995 and 248577?
399
Calculate the highest common divisor of 84 and 403144.
28
Calculate the greatest common factor of 403 and 1319887.
31
Calculate the highest common divisor of 437250 and 11.
11
What is the highest common divisor of 174472 and 6755?
193
What is the greatest common factor of 224 and 57071?
7
What is the highest common factor of 512325 and 1518?
759
Calculate the greatest common divisor of 3773325 and 75.
75
What is the greatest common factor of 224 and 15552?
32
What is the highest common factor of 206 and 1646558?
206
Calculate the greatest common divisor of 2904 and 122034.
66
Calculate the greatest common factor of 18 and 40998.
6
Calculate the highest common factor of 2249 and 43942.
173
Calculate the greatest common factor of 656 and 3157.
41
What is the greatest common divisor of 8449 and 196741?
1207
What is the highest common factor of 8 and 446584?
8
What is the greatest common divisor of 8352 and 112288?
928
Calculate the highest common divisor of 6624 and 12834.
414
Calculate the highest common divisor of 878371 and 143.
13
Calculate the greatest common factor of 23 and 3357.
1
What is the greatest common divisor of 31671 and 2277?
207
Calculate the greatest common factor of 121 and 14531.
11
Calculate the highest common factor of 244 and 40748.
244
Calculate the highest common factor of 3871995 and 5.
5
What is the highest common divisor of 2645 and 130985?
115
Calculate the highest common divisor of 2638594 and 194.
194
What is the greatest common factor of 89 and 1040321?
89
Calculate the greatest common divisor of 675318 and 154.
14
What is the greatest common divisor of 462 and 5984?
22
What is the highest common divisor of 117 and 206217?
9
Calculate the greatest common factor of 2880 and 2820.
60
What is the highest common factor of 12996 and 156636?
684
Calculate the greatest common factor of 146139 and 21.
21
What is the greatest common factor of 2004 and 1416?
12
What is the greatest common factor of 3526116 and 24?
12
What is the highest common divisor of 1452 and 1540?
44
What is the greatest common factor of 181613 and 1544?
193
Calculate the highest common factor of 174566 and 1036.
518
Calculate the highest common divisor of 66 and 32406.
66
What is the greatest common divisor of 8394015 and 210?
105
Calculate the greatest common divisor of 1024 and 19704.
8
Calculate the highest common factor of 450 and 800775.
225
What is the greatest common factor of 587 and 37?
1
What is the highest common factor of 500 and 9888500?
500
Calculate the greatest common